{"id":18325,"date":"2022-04-26T13:45:26","date_gmt":"2022-04-26T11:45:26","guid":{"rendered":"https:\/\/sklep.emhara.pl\/?post_type=product&#038;p=18325"},"modified":"2023-05-05T14:49:59","modified_gmt":"2023-05-05T12:49:59","slug":"sesja-na-dzien-mamy","status":"publish","type":"product","link":"https:\/\/emhara.pl\/sklep\/produkt\/sesja-na-dzien-mamy\/","title":{"rendered":"Sesja na Dzie\u0144 Mamy"},"content":{"rendered":"<p>Do studia zapraszamy Was na <strong>2,5 godziny, <\/strong>w tym czasie wykonamy wiza\u017c, doradzimy w kwestii ubioru i pocz\u0119stujemy kaw\u0105. W pakiecie otrzymacie jedno wyretuszowane zdj\u0119cie w formie elektronicznej i papierowej, oraz wszystkie dobre zdj\u0119cia po delikatnej obr\u00f3bce w formie plik\u00f3w.<\/p>\n<p>Specyfikacja:<\/p>\n<ul>\n<li>precyzyjny retusz wybranego zdj\u0119cia<\/li>\n<li>wszystkie dobre zdj\u0119cia po obr\u00f3bce technicznej<\/li>\n<li>fotografowanie do 1 godzin<\/li>\n<li>t\u0142o do wyboru: bia\u0142e, szare, czarne, niebieskie lub br\u0105zowe<\/li>\n<li>w postprodukcji przygotowujemy pliki w r\u00f3\u017cnych wersjach kadrowania<\/li>\n<li>pliki w rozmiarze do 6000&#215;4000 pikseli przy 300 dpi oraz zmniejszone<\/li>\n<li>format\u00a0JPEG<\/li>\n<li>link do pobrania z serwera<\/li>\n<li>czas oczekiwania na zdj\u0119cia 2-4 dni roboczych<\/li>\n<li>us\u0142uga ekspres (pliki w 24h) za dop\u0142at\u0105<\/li>\n<li>miejsce wykonania zdj\u0119\u0107: ul. Nowogrodzka 20\/6, 00-511 Warszawa,\n<ul>\n<li style=\"list-style-type: none;\"><\/li>\n<\/ul>\n<\/li>\n<\/ul>\n","protected":false},"excerpt":{"rendered":"<p><strong>Wybierz termin z kalendarza poni\u017cej.\u00a0<\/strong>System automatycznie zaznaczy wymagan\u0105 ilo\u015b\u0107 blok\u00f3w. Rezerwacja jest mo\u017cliwa najp\u00f3\u017aniej na 24 godziny przed planowan\u0105 wizyt\u0105 oraz na nast\u0119pne dni. Rezerwacja wymaga zatwierdzenia.<\/p>\n<p><a href=\"https:\/\/emhara.pl\/sklep\/produkt\/prezent-na-dzien-mamy\/\">Mo\u017cesz tak\u017ce kupi\u0107 na prezent<\/a><\/p>\n","protected":false},"featured_media":18657,"template":"","meta":{"_acf_changed":false,"om_disable_all_campaigns":false,"_monsterinsights_skip_tracking":false,"_monsterinsights_sitenote_active":false,"_monsterinsights_sitenote_note":"","_monsterinsights_sitenote_category":0,"pgc_sgb_lightbox_settings":""},"product_cat":[64],"product_tag":[63],"class_list":{"0":"post-18325","1":"product","2":"type-product","3":"status-publish","4":"has-post-thumbnail","6":"product_cat-fotografia-rodzinna","7":"product_tag-best","9":"first","10":"instock","11":"featured","12":"virtual","13":"purchasable","14":"product-type-phive_booking"},"acf":[],"aioseo_notices":[],"post_mailing_queue_ids":[],"_links":{"self":[{"href":"https:\/\/emhara.pl\/sklep\/wp-json\/wp\/v2\/product\/18325"}],"collection":[{"href":"https:\/\/emhara.pl\/sklep\/wp-json\/wp\/v2\/product"}],"about":[{"href":"https:\/\/emhara.pl\/sklep\/wp-json\/wp\/v2\/types\/product"}],"wp:featuredmedia":[{"embeddable":true,"href":"https:\/\/emhara.pl\/sklep\/wp-json\/wp\/v2\/media\/18657"}],"wp:attachment":[{"href":"https:\/\/emhara.pl\/sklep\/wp-json\/wp\/v2\/media?parent=18325"}],"wp:term":[{"taxonomy":"product_cat","embeddable":true,"href":"https:\/\/emhara.pl\/sklep\/wp-json\/wp\/v2\/product_cat?post=18325"},{"taxonomy":"product_tag","embeddable":true,"href":"https:\/\/emhara.pl\/sklep\/wp-json\/wp\/v2\/product_tag?post=18325"}],"curies":[{"name":"wp","href":"https:\/\/api.w.org\/{rel}","templated":true}]}}