{"id":1492,"date":"2020-02-02T21:28:24","date_gmt":"2020-02-02T20:28:24","guid":{"rendered":"https:\/\/sklep.emhara.pl\/?post_type=product&#038;p=1492"},"modified":"2025-08-25T16:13:30","modified_gmt":"2025-08-25T14:13:30","slug":"zdjecie-do-wizy-chiny","status":"publish","type":"product","link":"https:\/\/emhara.pl\/sklep\/produkt\/zdjecie-do-wizy-chiny\/","title":{"rendered":"Zdj\u0119cie do wizy &#8211; Chiny"},"content":{"rendered":"<h2>Zdj\u0119cie do wizy &#8211; Chiny<\/h2>\n<p>Fotografia spe\u0142nia wymogi zdj\u0119\u0107 biometrycznych (na wprost) <strong>Fotografia<\/strong>\u00a0<strong>do wizy Chi\u0144skiej. <\/strong>Wersja cyfrowa z wydrukiem w formacie 3,3&#215;4,8 cm.<\/p>\n<p>Masz mo\u017cliwo\u015b\u0107 wyboru najlepszego uj\u0119cia, nast\u0119pnie przygotowujemy zdj\u0119cie, wysy\u0142amy na wskazany adres e-mail. Mo\u017cemy je te\u017c wydrukowa\u0107 na miejscu. Wszystko trwa kilkana\u015bcie minut.<\/p>\n<p>Specyfikacja:<\/p>\n<ul>\n<li>na zdj\u0119cia czekasz 5 do 15 minut<\/li>\n<li>retusz podstawowy polega na korekcji kolor\u00f3w i delikatnym wyg\u0142adzeniu sk\u00f3ry<\/li>\n<li>retusz zaawansowany polega na korekcji kolor\u00f3w, wyg\u0142adzeniu sk\u00f3ry, usuni\u0119ciu najbardziej widocznych niedoskona\u0142o\u015bci, zmian sk\u00f3rnych, odstaj\u0105cych w\u0142os\u00f3w, itp.<\/li>\n<li>pliki przekazujemy w formie skompresowanej do 3500&#215;2330 pikseli przy 300 dpi i przygotowane wed\u0142ug wymog\u00f3w urz\u0119du<\/li>\n<li>pliki wysy\u0142amy na maila<\/li>\n<li>wydruk w formacie 3,3&#215;4,8 cm &#8211; 6 sztuki<\/li>\n<li>miejsce wykonania zdj\u0119\u0107 do dokument\u00f3w: ul. Nowogrodzka 20\/6, 00-511 Warszawa<\/li>\n<\/ul>\n<p>Koszt wydruk\u00f3w:<\/p>\n<ul>\n<li>pierwszy 3,3&#215;4,8 cm &#8211; 4 szt. &#8211; 10 z\u0142<\/li>\n<li>kolejny 3,3&#215;4,8 cm &#8211; 4 szt. &#8211; 10 z\u0142<\/li>\n<li>kolejny wydruk ze zmian\u0105 formatu &#8211; 20 z\u0142<\/li>\n<\/ul>\n<p>Na fotografii musi by\u0107 widoczny ca\u0142y owal twarzy oraz uszy. Ubranie powinno by\u0107 w ciemnym stonowanym odcieniu, nie jest akceptowany str\u00f3j w kolorze bia\u0142ym. Do zdj\u0119cia nie zak\u0142adaj bi\u017cuterii, kt\u00f3ra b\u0119dzie widoczna w kadrze. Zalecamy raczej g\u0142adkie uczesanie. Wyraz twarzy powinien by\u0107 naturalny co znaczy, \u017ce mo\u017cna si\u0119 delikatnie u\u015bmiecha\u0107 i nie trzeba mie\u0107 ani smutnej, ani bardzo powa\u017cnej miny. Wa\u017cne, aby ekspresja na twarzy nie by\u0142a zbyt mocna, usta powinny by\u0107 zamkni\u0119te.<\/p>\n","protected":false},"excerpt":{"rendered":"<p><strong>Wybierz termin z kalendarza poni\u017cej.\u00a0<\/strong>System automatycznie zaznaczy wymagan\u0105 ilo\u015b\u0107 blok\u00f3w (2 bloki = 20 minut, dwa bloki nast\u0119puj\u0105ce po sobie). Rezerwacja jest mo\u017cliwa najp\u00f3\u017aniej na 10 minut przed planowan\u0105 wizyt\u0105 oraz na nast\u0119pne 14 dni.<br \/>\n<strong>Ubranie powinno by\u0107 w ciemnym stonowanym odcieniu, nie jest akceptowany str\u00f3j w kolorze bia\u0142ym.<br \/>\n<\/strong>Zdj\u0119cia do dokument\u00f3w wykonujemy w Centrum Warszawy przy ulicy Nowogrodzkiej 20\/6.<strong><br \/>\n<\/strong><\/p>\n","protected":false},"featured_media":29708,"template":"","meta":{"_acf_changed":false,"om_disable_all_campaigns":false,"_monsterinsights_skip_tracking":false,"_monsterinsights_sitenote_active":false,"_monsterinsights_sitenote_note":"","_monsterinsights_sitenote_category":0,"pgc_sgb_lightbox_settings":""},"product_cat":[50],"product_tag":[],"class_list":{"0":"post-1492","1":"product","2":"type-product","3":"status-publish","4":"has-post-thumbnail","6":"product_cat-zdjecia-do-dokumentow","8":"first","9":"instock","10":"featured","11":"virtual","12":"purchasable","13":"product-type-phive_booking"},"acf":[],"aioseo_notices":[],"post_mailing_queue_ids":[],"_links":{"self":[{"href":"https:\/\/emhara.pl\/sklep\/wp-json\/wp\/v2\/product\/1492"}],"collection":[{"href":"https:\/\/emhara.pl\/sklep\/wp-json\/wp\/v2\/product"}],"about":[{"href":"https:\/\/emhara.pl\/sklep\/wp-json\/wp\/v2\/types\/product"}],"wp:featuredmedia":[{"embeddable":true,"href":"https:\/\/emhara.pl\/sklep\/wp-json\/wp\/v2\/media\/29708"}],"wp:attachment":[{"href":"https:\/\/emhara.pl\/sklep\/wp-json\/wp\/v2\/media?parent=1492"}],"wp:term":[{"taxonomy":"product_cat","embeddable":true,"href":"https:\/\/emhara.pl\/sklep\/wp-json\/wp\/v2\/product_cat?post=1492"},{"taxonomy":"product_tag","embeddable":true,"href":"https:\/\/emhara.pl\/sklep\/wp-json\/wp\/v2\/product_tag?post=1492"}],"curies":[{"name":"wp","href":"https:\/\/api.w.org\/{rel}","templated":true}]}}