{"id":1485,"date":"2020-02-02T20:55:05","date_gmt":"2020-02-02T19:55:05","guid":{"rendered":"https:\/\/sklep.emhara.pl\/?post_type=product&#038;p=1485"},"modified":"2025-08-25T16:18:29","modified_gmt":"2025-08-25T14:18:29","slug":"zdjecie-do-dowodu","status":"publish","type":"product","link":"https:\/\/emhara.pl\/sklep\/produkt\/zdjecie-do-dowodu\/","title":{"rendered":"Zdj\u0119cie do dowodu"},"content":{"rendered":"<h2>Zdj\u0119cie do dowodu<\/h2>\n<p>Specyfikacja:<\/p>\n<ul>\n<li>na zdj\u0119cia czekasz 5 do 15 minut<\/li>\n<li>retusz podstawowy polega na korekcji kolor\u00f3w i delikatnym wyg\u0142adzeniu sk\u00f3ry<\/li>\n<li>retusz zaawansowany polega na korekcji kolor\u00f3w, wyg\u0142adzeniu sk\u00f3ry, usuni\u0119ciu najbardziej widocznych niedoskona\u0142o\u015bci, zmian sk\u00f3rnych, odstaj\u0105cych w\u0142os\u00f3w, itp.<\/li>\n<li>pliki przekazujemy w formie skompresowanej do 3500&#215;2330 pikseli przy 300 dpi i przygotowane wed\u0142ug wymog\u00f3w urz\u0119du<\/li>\n<li>pliki wysy\u0142amy na maila<\/li>\n<li>wydruk w formacie 3,5&#215;4,5 cm &#8211; 6 sztuk<\/li>\n<li>miejsce wykonania zdj\u0119\u0107 do dokument\u00f3w: ul. Nowogrodzka 20\/6, 00-511 Warszawa<\/li>\n<\/ul>\n<p>Koszt wydruk\u00f3w:<\/p>\n<ul>\n<li>kolejny wydruk 3,5&#215;4,5 cm &#8211; 6 szt. &#8211; 10 z\u0142<\/li>\n<li>kolejny wydruk ze zmian\u0105 formatu &#8211; 20 z\u0142<\/li>\n<\/ul>\n<p>Na fotografii musi by\u0107 widoczny ca\u0142y owal twarzy do linii uszu, natomiast same uszy nie musz\u0105 by\u0107 widoczne. W\u0142osy mog\u0105 by\u0107 u\u0142o\u017cone w dowolny spos\u00f3b (do przodu, do ty\u0142u, na bok) wa\u017cne, aby nie dotyka\u0142y brwi ani nie zas\u0142ania\u0142y owalu twarzy. Aby fryzura zmie\u015bci\u0142a si\u0119 w kadrze zalecamy raczej g\u0142adkie uczesanie. Wyraz twarzy na zdj\u0119ciu powinien by\u0107 naturalny co znaczy, \u017ce mo\u017cna si\u0119 delikatnie u\u015bmiecha\u0107 i nie trzeba mie\u0107 ani smutnej, ani bardzo powa\u017cnej miny. Wa\u017cne, aby ekspresja na twarzy nie by\u0142a zbyt mocna, usta powinny by\u0107 zamkni\u0119te. Zalecamy zrobienie zdj\u0119cia bez okular\u00f3w korekcyjnych mimo, i\u017c teoretycznie jest to dozwolone. W praktyce okulary mog\u0105 powodowa\u0107 problemy z identyfikacj\u0105 osoby oraz podczas sk\u0142adania wniosku w urz\u0119dzie. Obecnie zdj\u0119cia do dokument\u00f3w, takich jak: dow\u00f3d osobisty, paszport, prawo jazdy robione s\u0105 wed\u0142ug tym samych wymog\u00f3w i niczym si\u0119 mi\u0119dzy sob\u0105 nie r\u00f3\u017cni\u0105. Wymieniaj\u0105c wszystkie dokumenty mo\u017cesz pos\u0142u\u017cy\u0107 si\u0119 tym samym zdj\u0119ciem, kt\u00f3re drukujemy w 6 kopiach.<\/p>\n<p>Zdj\u0119cie jest odpowiednie do dokument\u00f3w takich jak: dow\u00f3d osobisty,\u00a0paszport,\u00a0prawo jazdy,\u00a0legitymacja,\u00a0wiza,\u00a0karta pobytu,\u00a0karta miejska,\u00a0identyfikator,\u00a0prawo wykonywania zawodu i innych.<\/p>\n<p style=\"text-align: justify;\">Oferujemy Pa\u0144stwu wykonanie zdj\u0119cia do dowodu w naszym warszawskim studio, kt\u00f3re b\u0119dzie wyr\u00f3\u017cnia\u0142o si\u0119 wysok\u0105 jako\u015bci\u0105. Decyduj\u0105c si\u0119 na skorzystanie z naszych us\u0142ug, mo\u017cna by\u0107 pewnym tego, \u017ce przygotowana fotografia spe\u0142ni wszelkie wymogi dotycz\u0105ce zdj\u0119\u0107 tego typu.<\/p>\n<p style=\"text-align: justify;\">Zdj\u0119cie do dowodu to propozycja dla os\u00f3b ceni\u0105cych profesjonalizm. Wykonanie fotografii zajmuje nam jedynie chwil\u0119, jednak nie przeszkadza to w tym, by nasze studio cieszy\u0142o si\u0119 znakomit\u0105 opini\u0105. Z kilku uj\u0119\u0107 mog\u0105 Pa\u0144stwo wybra\u0107 to, kt\u00f3re jest najlepsze. Mo\u017cliwy jest tak\u017ce retusz widocznych niedoskona\u0142o\u015bci, pliki przygotowujemy w formie dostosowanej do zalece\u0144 urz\u0119du. Zdj\u0119cia wysy\u0142amy na podany adres e-mail, ponadto mo\u017cemy wydrukowa\u0107 je na miejscu.<\/p>\n<p style=\"text-align: justify;\">Zdj\u0119cie dowodowe wykonujemy po uprzednim ustaleniu terminu. Wystarczy zaznaczy\u0107 termin, korzystaj\u0105c z kalendarza udost\u0119pnionego na stronie internetowej, by zarezerwowa\u0107 kr\u00f3tk\u0105 sesj\u0119. Chcesz zrobi\u0107 zdj\u0119cie do dowodu w Warszawie? To \u017caden problem, wystarczy skorzysta\u0107 z naszej oferty!<\/p>\n","protected":false},"excerpt":{"rendered":"<p><strong>Wybierz termin z kalendarza poni\u017cej na zdj\u0119cie do dowodu.\u00a0<\/strong>System automatycznie zaznaczy wymagan\u0105 ilo\u015b\u0107 blok\u00f3w (2 bloki = 20 minut, dwa bloki nast\u0119puj\u0105ce po sobie). Rezerwacja jest mo\u017cliwa najp\u00f3\u017aniej na 10 minut przed planowan\u0105 wizyt\u0105 oraz na nast\u0119pne 14 dni. Zdj\u0119cia do dokument\u00f3w wykonujemy w Centrum Warszawy przy ulicy Nowogrodzkiej 20\/6.<\/p>\n","protected":false},"featured_media":1853,"template":"","meta":{"_acf_changed":false,"om_disable_all_campaigns":false,"_monsterinsights_skip_tracking":false,"_monsterinsights_sitenote_active":false,"_monsterinsights_sitenote_note":"","_monsterinsights_sitenote_category":0,"pgc_sgb_lightbox_settings":""},"product_cat":[50],"product_tag":[],"class_list":{"0":"post-1485","1":"product","2":"type-product","3":"status-publish","4":"has-post-thumbnail","6":"product_cat-zdjecia-do-dokumentow","8":"first","9":"instock","10":"featured","11":"virtual","12":"purchasable","13":"product-type-phive_booking"},"acf":[],"aioseo_notices":[],"post_mailing_queue_ids":[],"_links":{"self":[{"href":"https:\/\/emhara.pl\/sklep\/wp-json\/wp\/v2\/product\/1485"}],"collection":[{"href":"https:\/\/emhara.pl\/sklep\/wp-json\/wp\/v2\/product"}],"about":[{"href":"https:\/\/emhara.pl\/sklep\/wp-json\/wp\/v2\/types\/product"}],"wp:featuredmedia":[{"embeddable":true,"href":"https:\/\/emhara.pl\/sklep\/wp-json\/wp\/v2\/media\/1853"}],"wp:attachment":[{"href":"https:\/\/emhara.pl\/sklep\/wp-json\/wp\/v2\/media?parent=1485"}],"wp:term":[{"taxonomy":"product_cat","embeddable":true,"href":"https:\/\/emhara.pl\/sklep\/wp-json\/wp\/v2\/product_cat?post=1485"},{"taxonomy":"product_tag","embeddable":true,"href":"https:\/\/emhara.pl\/sklep\/wp-json\/wp\/v2\/product_tag?post=1485"}],"curies":[{"name":"wp","href":"https:\/\/api.w.org\/{rel}","templated":true}]}}