{"id":70,"date":"2025-09-08T17:41:34","date_gmt":"2025-09-08T15:41:34","guid":{"rendered":"https:\/\/emhara.pl\/sandomierz\/?page_id=70"},"modified":"2026-02-12T17:36:30","modified_gmt":"2026-02-12T16:36:30","slug":"oferta","status":"publish","type":"page","link":"https:\/\/emhara.pl\/sandomierz\/oferta\/","title":{"rendered":"Oferta"},"content":{"rendered":"<h2 class=\"wp-block-heading has-text-align-center\">Zdj\u0119cia do dokument\u00f3w<\/h2><div class=\"wp-block-image\"><figure class=\"aligncenter size-full is-resized\"><img loading=\"lazy\" decoding=\"async\" width=\"442\" height=\"326\" src=\"https:\/\/emhara.pl\/sandomierz\/wp-content\/uploads\/sites\/4\/2026\/02\/emhara-biometryczne.jpg\" alt=\"\" class=\"wp-image-109\" style=\"width:315px;height:auto\" srcset=\"https:\/\/emhara.pl\/sandomierz\/wp-content\/uploads\/sites\/4\/2026\/02\/emhara-biometryczne.jpg 442w, https:\/\/emhara.pl\/sandomierz\/wp-content\/uploads\/sites\/4\/2026\/02\/emhara-biometryczne-300x221.jpg 300w\" sizes=\"(max-width: 442px) 100vw, 442px\" \/><\/figure><\/div><p><\/p><p>Zapraszamy do studia na starym mie\u015bcie w Sandomierzu przy ulicy Opatowskiej 1. Robimy zdj\u0119cia identyfikacyjne na przyk\u0142ad do:<\/p><ul class=\"wp-block-list\"><li>dowodu osobistego (biometryczne)<\/li>\n\n<li>paszportu (biometryczne)<\/li>\n\n<li>prawa jazdy (biometryczne)<\/li>\n\n<li>wizy (ka\u017cdej)<\/li>\n\n<li>dyplomu<\/li>\n\n<li>karty pobytu<\/li>\n\n<li>green card USA<\/li>\n\n<li>wizy USA<\/li>\n\n<li>identyfikatora<\/li>\n\n<li>patentu \u017ceglarskiego, motorowodnego<\/li>\n\n<li>prawa wykonywania zawodu<\/li>\n\n<li>CV styl dyplomowy<\/li>\n\n<li>oraz do innych dokument\u00f3w.<\/li><\/ul><p>Robimy zdj\u0119cia do dokument\u00f3w w ka\u017cdym rozmiarze.<br>Ceny:<\/p><ul class=\"wp-block-list\"><li>zdj\u0119cie do dowodu, paszportu, prawa jazdy, wizy, legitymacji (biometryczne na wprost) z retuszem podstawowym, wersja elektroniczna przygotowana wed\u0142ug wymog\u00f3w \u2013 45 z\u0142<\/li>\n\n<li>zdj\u0119cie do dyplomu, CV, legitymacji (ustawienie dowolne) z retuszem podstawowym, wersja elektroniczna przygotowana wed\u0142ug wymog\u00f3w \u2013 45 z\u0142<\/li>\n\n<li>retusz zaawansowany dla zdj\u0119\u0107 do dokument\u00f3w \u2013 15 z\u0142<\/li>\n\n<li>wykonujemy zdj\u0119cia w innych dowolnych formatach i do ka\u017cdego dokumentu.<\/li><\/ul><p>Wydruki:<\/p><ul class=\"wp-block-list\"><li>wydruk 6 sztuk 3,5\u00d74,5 cm \u2013 5 z\u0142<\/li>\n\n<li>wydruk 4 sztuk 4,5\u00d76,5 cm \u2013 5 z\u0142<\/li>\n\n<li>wydruk format dowolny na kartce 10\u00d715 cm \u2013 5 z\u0142<\/li>\n\n<li>kolejny komplet 4 lub 6 sztuk w tym samym formacie \u2013 5 z\u0142<\/li>\n\n<li>kolejny komplet 4 lub 6 sztuk ze zmian\u0105 formatu \u2013 20 z\u0142<\/li>\n\n<li>wydruk z pliku klienta (plik weryfikujemy i korygujemy) 4 lub 6 sztuk \u2013 od 40 z\u0142<\/li><\/ul><p>Czas oczekiwania na zdj\u0119cia wynosi 5 do 15 minut<br>Retusz polega na usuni\u0119ciu najbardziej widocznych niedoskona\u0142o\u015bci<\/p><p>Klient ma mo\u017cliwo\u015b\u0107 wyboru najlepszego uj\u0119cia, nast\u0119pnie zdj\u0119cie jest retuszowane, wysy\u0142ane na e-mail i drukowane. Wszystko trwa kilkana\u015bcie minut.<\/p><h2 class=\"wp-block-heading has-text-align-center\">Odbitki<\/h2><figure class=\"wp-block-table is-style-stripes\"><table class=\"has-fixed-layout\"><tbody><tr><td class=\"has-text-align-center\" data-align=\"center\">Format<\/td><td class=\"has-text-align-center\" data-align=\"center\">do 10 sztuk<\/td><td class=\"has-text-align-center\" data-align=\"center\">powy\u017cej 10 sztuk<\/td><\/tr><tr><td class=\"has-text-align-center\" data-align=\"center\">10&#215;15 cm<\/td><td class=\"has-text-align-center\" data-align=\"center\">2,50 z\u0142<\/td><td class=\"has-text-align-center\" data-align=\"center\">1,5 z\u0142<\/td><\/tr><\/tbody><\/table><\/figure><figure class=\"wp-block-table is-style-stripes\"><table class=\"has-fixed-layout\"><tbody><tr><td class=\"has-text-align-center\" data-align=\"center\">13&#215;18 cm<\/td><td class=\"has-text-align-center\" data-align=\"center\">4,00 z\u0142<\/td><\/tr><tr><td class=\"has-text-align-center\" data-align=\"center\">15&#215;20 cm<\/td><td class=\"has-text-align-center\" data-align=\"center\">5,00 z\u0142<\/td><\/tr><tr><td class=\"has-text-align-center\" data-align=\"center\">21&#215;30 cm<\/td><td class=\"has-text-align-center\" data-align=\"center\">10,00z\u0142<\/td><\/tr><\/tbody><\/table><\/figure><p><\/p>","protected":false},"excerpt":{"rendered":"<p>Zdj\u0119cia do dokument\u00f3w Zapraszamy do studia na starym mie\u015bcie w Sandomierzu przy ulicy Opatowskiej 1. Robimy zdj\u0119cia identyfikacyjne na przyk\u0142ad do: Robimy zdj\u0119cia do dokument\u00f3w&hellip; <\/p>\n","protected":false},"author":1,"featured_media":0,"parent":0,"menu_order":0,"comment_status":"closed","ping_status":"closed","template":"","meta":{"_acf_changed":false,"_uf_show_specific_survey":0,"_uf_disable_surveys":false,"footnotes":""},"class_list":["post-70","page","type-page","status-publish","hentry"],"acf":[],"aioseo_notices":[],"_links":{"self":[{"href":"https:\/\/emhara.pl\/sandomierz\/wp-json\/wp\/v2\/pages\/70"}],"collection":[{"href":"https:\/\/emhara.pl\/sandomierz\/wp-json\/wp\/v2\/pages"}],"about":[{"href":"https:\/\/emhara.pl\/sandomierz\/wp-json\/wp\/v2\/types\/page"}],"author":[{"embeddable":true,"href":"https:\/\/emhara.pl\/sandomierz\/wp-json\/wp\/v2\/users\/1"}],"replies":[{"embeddable":true,"href":"https:\/\/emhara.pl\/sandomierz\/wp-json\/wp\/v2\/comments?post=70"}],"version-history":[{"count":9,"href":"https:\/\/emhara.pl\/sandomierz\/wp-json\/wp\/v2\/pages\/70\/revisions"}],"predecessor-version":[{"id":111,"href":"https:\/\/emhara.pl\/sandomierz\/wp-json\/wp\/v2\/pages\/70\/revisions\/111"}],"wp:attachment":[{"href":"https:\/\/emhara.pl\/sandomierz\/wp-json\/wp\/v2\/media?parent=70"}],"curies":[{"name":"wp","href":"https:\/\/api.w.org\/{rel}","templated":true}]}}