{"id":36,"date":"2025-09-06T14:55:53","date_gmt":"2025-09-06T12:55:53","guid":{"rendered":"https:\/\/emhara.pl\/sandomierz\/?page_id=36"},"modified":"2026-02-16T19:54:07","modified_gmt":"2026-02-16T18:54:07","slug":"glowna","status":"publish","type":"page","link":"https:\/\/emhara.pl\/sandomierz\/","title":{"rendered":"G\u0142\u00f3wna"},"content":{"rendered":"<div class=\"woocommerce columns-4 \"><\/div><h1 class=\"wp-block-heading has-text-align-center\">Zapraszamy do studia na starym mie\u015bcie w Sandomierzu.<\/h1><p>Je\u015bli szukasz fotografa w Sandomierzu do szybkiego wykonania us\u0142ugi, zapraszamy do odwiedzenia naszego studia.<\/p><h2 class=\"wp-block-heading\">Zrobisz u nas zdj\u0119cia do wszystkich dokument\u00f3w, a tak\u017ce wykonasz odbitki w wielu formatach.<\/h2><p><\/p><figure class=\"wp-block-image size-large\"><img loading=\"lazy\" decoding=\"async\" width=\"1024\" height=\"644\" src=\"https:\/\/emhara.pl\/sandomierz\/wp-content\/uploads\/sites\/4\/2025\/09\/emhara-Sando-logo-aparat-1024x644.jpg\" alt=\"\" class=\"wp-image-37\" srcset=\"https:\/\/emhara.pl\/sandomierz\/wp-content\/uploads\/sites\/4\/2025\/09\/emhara-Sando-logo-aparat-1024x644.jpg 1024w, https:\/\/emhara.pl\/sandomierz\/wp-content\/uploads\/sites\/4\/2025\/09\/emhara-Sando-logo-aparat-300x189.jpg 300w, https:\/\/emhara.pl\/sandomierz\/wp-content\/uploads\/sites\/4\/2025\/09\/emhara-Sando-logo-aparat-768x483.jpg 768w, https:\/\/emhara.pl\/sandomierz\/wp-content\/uploads\/sites\/4\/2025\/09\/emhara-Sando-logo-aparat-1536x966.jpg 1536w, https:\/\/emhara.pl\/sandomierz\/wp-content\/uploads\/sites\/4\/2025\/09\/emhara-Sando-logo-aparat-2048x1288.jpg 2048w, https:\/\/emhara.pl\/sandomierz\/wp-content\/uploads\/sites\/4\/2025\/09\/emhara-Sando-logo-aparat-600x377.jpg 600w\" sizes=\"(max-width: 1024px) 100vw, 1024px\" \/><\/figure>","protected":false},"excerpt":{"rendered":"<p>Zapraszamy do studia na starym mie\u015bcie w Sandomierzu. Je\u015bli szukasz fotografa w Sandomierzu do szybkiego wykonania us\u0142ugi, zapraszamy do odwiedzenia naszego studia. Zrobisz u nas&hellip; <\/p>\n","protected":false},"author":1,"featured_media":0,"parent":0,"menu_order":0,"comment_status":"closed","ping_status":"closed","template":"","meta":{"_acf_changed":false,"_uf_show_specific_survey":0,"_uf_disable_surveys":false,"footnotes":""},"class_list":["post-36","page","type-page","status-publish","hentry"],"acf":[],"aioseo_notices":[],"_links":{"self":[{"href":"https:\/\/emhara.pl\/sandomierz\/wp-json\/wp\/v2\/pages\/36"}],"collection":[{"href":"https:\/\/emhara.pl\/sandomierz\/wp-json\/wp\/v2\/pages"}],"about":[{"href":"https:\/\/emhara.pl\/sandomierz\/wp-json\/wp\/v2\/types\/page"}],"author":[{"embeddable":true,"href":"https:\/\/emhara.pl\/sandomierz\/wp-json\/wp\/v2\/users\/1"}],"replies":[{"embeddable":true,"href":"https:\/\/emhara.pl\/sandomierz\/wp-json\/wp\/v2\/comments?post=36"}],"version-history":[{"count":9,"href":"https:\/\/emhara.pl\/sandomierz\/wp-json\/wp\/v2\/pages\/36\/revisions"}],"predecessor-version":[{"id":119,"href":"https:\/\/emhara.pl\/sandomierz\/wp-json\/wp\/v2\/pages\/36\/revisions\/119"}],"wp:attachment":[{"href":"https:\/\/emhara.pl\/sandomierz\/wp-json\/wp\/v2\/media?parent=36"}],"curies":[{"name":"wp","href":"https:\/\/api.w.org\/{rel}","templated":true}]}}